 be (-3)/((-7)/7) + 32*1. Let z = g - -67. List the prime factors of z.
2, 3, 17
Let d(q) = -q**3 - q**2 + 2*q + 7. Let u be d(0). Let b(k) = -k**3 + 11*k**2 - 5*k - 24. List the prime factors of b(u).
137
Suppose 0 = 7*l - 4209 - 17064. List the prime factors of l.
3, 1013
Let j(s) = -s**3 + 5*s**2 + 4*s + 12. What are the prime factors of j(5)?
2
Suppose -p - 2*p - 5*s + 13 = 0, -5*p - 5*s = -15. What are the prime factors of 0 - (-62)/p - -1?
3, 7
Let j(t) = -t + 11. Let w be j(13). Let a(u) = -70*u - 5. List the prime factors of a(w).
3, 5
Let g(t) = 43*t + 9. Let h(a) = 1. Let x(r) = g(r) + 2*h(r). What are the prime factors of x(3)?
2, 5, 7
Suppose -4*w + 2643 + 11165 = 0. What are the prime factors of w?
2, 863
Let s(c) = 16*c**2 + c - 2. Let i be 12/28 - (-22)/14. List the prime factors of s(i).
2
Suppose u = -j + 4, j = -2*u + 7*u - 14. Suppose w = 2*w - j. Suppose 70 = z + w. What are the prime factors of z?
3, 23
List the prime factors of 1400 + 3/(24/(-64)).
2, 3, 29
Let m(z) = -z**2 + 3*z + 188. Let x(q) = q + 63. Let b(n) = 4*m(n) - 11*x(n). What are the prime factors of b(0)?
59
List the prime factors of (-1)/(-28)*7 + (-285)/(-12).
2, 3
List the prime factors of ((-65442)/(-21) - 10) + 4/(-14).
2, 1553
Let m = -13 - -34. Let v = m + -27. Let f(q) = q**2 + 5*q - 3. What are the prime factors of f(v)?
3
Suppose 0 = 3*k - k - 560. Suppose 2*q - k = -2*q. Suppose 6*y = y + q. List the prime factors of y.
2, 7
Suppose 5*l = -2*l + 7. Let x(b) = 1 + 0*b**2 - b**2 + 5*b**2. List the prime factors of x(l).
5
Suppose 176 = 8*l - 104. What are the prime factors of l?
5, 7
Let r = -45 - -41. List the prime factors of 8648/104 - r/(-26).
83
Let c = 37 - 31. Suppose -9*b + c*b + 96 = 0. List the prime factors of b.
2
Suppose 7*l + 451 = -4*l. Let o = -20 - l. List the prime factors of o.
3, 7
Let n(x) = 7*x + 29. Let r be n(-7). List the prime factors of (r - -29)*(7 + 0).
3, 7
Let k be 5/1 + 2/1. Suppose -9*a - k = -34. Suppose 2*f = -x + 8, 4*x + 4 = 5*f - a. What are the prime factors of x?
2
Suppose -8*i + 7*i = -522. Suppose -7*u = -16*u + i. List the prime factors of u.
2, 29
Let a = -1772 + 2817. List the prime factors of a.
5, 11, 19
Let p be (-4)/(-6) - 8/(-6). Suppose -5*u = 4*q - 343, -q - 6*u + 85 = -4*u. Suppose -m - q = -6*m - p*w, 2*w - 19 = -m. What are the prime factors of m?
17
Suppose -1 = -i + 3. Suppose i*a = a + 21. Suppose -32 = -3*z + a. What are the prime factors of z?
13
Let r = 67 + -97. What are the prime factors of (-5097)/r - (-6)/60?
2, 5, 17
Let w = 271 - -190. List the prime factors of w.
461
Suppose 5 = s + 2. What are the prime factors of (-4 + -2)*-7 - s?
3, 13
Let r be (90 - -3)/((-1)/(-2)). Suppose 4*v + 2*v - r = 0. Suppose j - 11 = v. List the prime factors of j.
2, 3, 7
Let l = -165 + 86. Let x = l - -124. List the prime factors of x.
3, 5
Suppose 2*j - 10*j + 2184 = 0. What are the prime factors of j?
3, 7, 13
Let m = 432 + 1483. List the prime factors of m.
5, 383
Suppose -5*l - 4 = -v + 13, -v = 3*l + 15. Let b(h) = h + 5. Let m(y) = 2. Let f(t) = -6*b(t) + 10*m(t). What are the prime factors of f(l)?
2, 7
Let a = -935 - -1517. What are the prime factors of a?
2, 3, 97
Let l(u) = -u**3 - 9*u**2 - 12*u - 6. Let d be l(-11). Suppose -5*y = 118 - d. What are the prime factors of y?
2, 5
Let q(n) = -33*n - 20. Let k be q(-4). Let z = 129 + k. List the prime factors of z.
241
Let r(g) = 9*g**2 - 15*g - 4. What are the prime factors of r(-17)?
2, 23, 31
What are the prime factors of 1940*2 + (-64)/(-16)?
2, 971
Suppose 40254 = 31*m - 11268. List the prime factors of m.
2, 3, 277
Let a(q) = q - 8. Let b be a(11). Suppose -5*y + 5*v + 830 = 0, -5*y - b*v + 6*v + 840 = 0. What are the prime factors of y?
3, 19
Suppose 0 = -9*n - 3*n. Suppose n = -u - v + 108, 2*v = 4*u + u - 526. List the prime factors of u.
2, 53
Suppose s - 2*n - 192 = -6*n, 4*n = 0. Suppose 4*r - s = -104. What are the prime factors of r?
2, 11
Let f(b) = -2*b - 2. Let v = 12 + -14. Let g be f(v). Suppose -g*u + 14 = -16. What are the prime factors of u?
3, 5
What are the prime factors of -2*-4*(-6)/24 - -1037?
3, 5, 23
Suppose 709 = 4*r - 2027. What are the prime factors of 2/5 - r/(-15)?
2, 23
Let o = 2736 - 1328. List the prime factors of o.
2, 11
Suppose 2*l + 4*w + 2108 = 5*l, -2*l - 2*w = -1396. What are the prime factors of l?
2, 5, 7
Let o = 121 + 145. What are the prime factors of o?
2, 7, 19
List the prime factors of (-25609)/(-8) - 1/8.
3, 11, 97
Let w be 13/4 - 4/16. Suppose 0 = p - w*p + 2. List the prime factors of p*(-2 - -3)*2.
2
What are the prime factors of (6 - 7)/((-5652)/1130 + 5)?
5, 113
Suppose -3*d - 5*m + 733 = 0, 2*d - 346 - 136 = -2*m. What are the prime factors of d?
2, 59
List the prime factors of (-74*3)/((-23)/115).
2, 3, 5, 37
Let k = -43 - -198. What are the prime factors of k?
5, 31
Let k = -1022 + 1474. List the prime factors of k.
2, 113
Let a(p) = -2*p + 1. Suppose -v + 5*u + 11 = 0, -2*v + 7 = 4*u + 27. List the prime factors of a(v).
3
Let n(y) = -124*y + 22. Let u be n(-4). Let o = u - 199. List the prime factors of o.
11, 29
Let i be (-40)/(-12)*12*(-58)/(-20). Let w = i - 44. What are the prime factors of w?
2, 3
Suppose 5*l - 1 = b, l - 3*l - b - 1 = 0. Suppose l = 4*s - 118 - 366. List the prime factors of s.
11
Suppose -3*j - 9493 = -4*k, -k + 10*j - 8*j + 2372 = 0. What are the prime factors of k?
2, 1187
Suppose -g - 11 = 4*m, -4*m + 3*g = -3*m - 7. Let v be ((-1)/m)/((-4)/(-48)). Suppose -4*n - 58 = -v*n. List the prime factors of n.
29
Suppose -2*x = 3*d - 22, 0*d - 5*x + 37 = 3*d. Suppose -d*n - v - 2*v = -61, 2*n = -3*v + 35. Suppose 0 = -m + n - 2. What are the prime factors of m?
11
List the prime factors of (42/12 - 6)*-568.
2, 5, 71
Suppose 0 = -4*y + 4*h + 1096, 2*h + 3*h = -4*y + 1096. What are the prime factors of y?
2, 137
List the prime factors of 179856/270 + (-6)/45.
2, 3, 37
Let c(n) = -n**3 + 13*n**2 + 14*n + 12. What are the prime factors of c(-6)?
2, 3, 17
Suppose 6300 = 23*o - 14*o. List the prime factors of o.
2, 5, 7
Suppose 0 = m, 14 = -5*y - 3*m + 169. Let d be 540/24 + -2 + (-3)/6. Let r = y - d. List the prime factors of r.
11
Suppose c - 3 - 1 = 0. Suppose -c*l = -5*l + 47. What are the prime factors of l?
47
Let m be -2 - 2 - (0 - 7). Let l = m + 2. Suppose -3*r + 2*r - 3*b = -72, l*r = -2*b + 334. What are the prime factors of r?
2, 3, 11
Let d(c) = -38*c + 242. List the prime factors of d(-12).
2, 349
Suppose 9*h - 6*h = 1302. List the prime factors of h.
2, 7, 31
Let c(i) = -i + 7. Let z be c(7). Suppose 4*n - 400 = -z*n. What are the prime factors of n?
2, 5
Let c = 9 + -6. Suppose -c*q - 13 + 55 = 0. Suppose -4*s = -8, 0*y + 3*s = y - q. List the prime factors of y.
2, 5
Let n = -87 + 298. What are the prime factors of n?
211
Suppose 0*g = 7*g + 679. Let u = 154 + g. What are the prime factors of u?
3, 19
Suppose 8*p - 9*p + 4 = 0. Suppose p*s - s - 87 = 0. List the prime factors of s.
29
Let v = 184 + -46. Let d = 210 - v. List the prime factors of d.
2, 3
Let l(z) = 9*z**2 + z. Let y be l(1). Let p = -45 + 45. Let x = p + y. List the prime factors of x.
2, 5
Let j(z) be the third derivative of -z**4/24 + z**3/3 - 5*z**2. Let h be j(-3). Suppose -54 = -h*s + 3*s - 5*d, -3*d - 16 = -s. What are the prime factors of s?
2, 11
Suppose 3*b - 2*d - 53 = 0, 0 = -5*b - 5*d + d + 59. Let y = 23 - b. Suppose -499 = -y*j - 51. What are the prime factors of j?
2, 7
Suppose 0 = -0*n - 3*n + 2*d - 400, 2*n - 2*d + 266 = 0. Let g = n - -196. What are the prime factors of g?
2, 31
Let h = 298 - -235. What are the prime factors of h?
13, 41
What are the prime factors of 33 - (8 + 5 + -12)?
2
Let l = 32 - 9. Suppose 38 = 4*w + 5*t - l, -3*w + 38 = -4*t. What are the prime factors of 7/(-49) + 100/w?
7
What are the prime factors of 2974 + 6/(-7)*7?
2, 7, 53
Let m = 11 + -5. Suppose -10*q = -m*q - 312. What are the prime factors of q?
2, 3, 13
Let l = -177 + 1509. What are the prime factors of l?
2, 3, 37
Let w = -35 + 42. List the prime factors of -6 + w - (-4 - 156).
7, 23
What are the prime factors of 281/((-8)/(208/(-13)))?
2, 281
Suppose -z = 3*x - 0*z + 41, 2*z - 38 = 4*x. Let a = -33 - x. List the prime factors of (-35)/a*(6 - 0).
2, 5
Let j(w) = -w**3 - 11*w**2 - 